/(-508)) + (-10)/(-50)?
50
Suppose -2*q = 2*z - 14 - 8, 0 = 5*z - 2*q - 20. Let b = z - -4. Calculate the remainder when b is divided by 6.
4
Let g(k) = k**3 - 4*k**2 + 3*k + 4. Let c be g(3). What is the remainder when 2 is divided by (c/6)/((-14)/(-21))?
0
Suppose -4*v = 3*u - 2*u + 5, -2*v = -u + 1. Calculate the remainder when (-2 - v) + (-59)/(-1) is divided by (-2)/((-11)/10 - -1).
18
Suppose -o - f = 0, 1 = 3*o + 4*f + 5. Calculate the remainder when 26 is divided by o.
2
Let x be 5/(-10) - 9/(-2). Let b be 696/x*2/3. Suppose f + 3*f - b = 0. Calculate the remainder when f is divided by 10.
9
Let r = -77 - -115. Let n(h) = 0*h - 6 + 0 + 2*h + 5. What is the remainder when r is divided by n(7)?
12
Calculate the remainder when ((-4)/(-2))/(((-14)/(-87))/7) is divided by 22.
21
Suppose -195 = 4*h - 7*h. Let a = -29 + 40. Calculate the remainder when h is divided by a.
10
Suppose 0 = 5*v - v - 264. Calculate the remainder when v is divided by 3/3*22 - -1.
20
Let x(r) = 121*r**2 + 5*r + 2. What is the remainder when x(-1) is divided by 7?
6
Let h(f) be the third derivative of f**4/24 + f**3/3 + f**2. Let k be h(-2). Let w = k + 26. What is the remainder when w is divided by 14?
12
Let a(x) be the third derivative of x**4/2 + x**3/3 - x**2. What is the remainder when a(4) is divided by 17?
16
Suppose -4*x + 0 - 20 = 0. Let v = 7 - x. What is the remainder when 45 is divided by v?
9
Suppose -11*n - 32 = -15*n. What is the remainder when 28 is divided by n?
4
Let q(z) = -z**2 + 7*z - 4. Suppose 3*s = 3*n - 3, -s = 4*n - 15 - 14. Calculate the remainder when (-33)/2*(-8)/n is divided by q(3).
6
Suppose -18 - 46 = -2*i. What is the remainder when i is divided by 18?
14
Let x = 16 + -15. Suppose -3*s + 1 = -2. Calculate the remainder when s is divided by x/2 - (-2)/4.
0
Suppose -5*q + 139 - 619 = -5*a, -q = -4*a + 399. What is the remainder when a is divided by 35?
31
Suppose -u + 4 = -0*u. What is the remainder when (6/u)/((-3)/(-42)) is divided by 2*-1 + (1 - -7)?
3
What is the remainder when 91 is divided by (-2)/(-7) - 37*12/(-14)?
27
Suppose -5*r + 2*r + 6 = 0. What is the remainder when 21 is divided by 1/(-2) + 23/r?
10
Suppose -v = -0*v. Let b be (-90)/(2 - 5) + v. Suppose -6*q + q + b = -w, -18 = -3*q + w. What is the remainder when q is divided by 4?
2
What is the remainder when (-3 - -2) + (10 - 1) is divided by 3?
2
Suppose -4*d + 40 = -d - 5*v, 0 = -2*d - v + 5. Suppose -x + 3*x - d*w - 58 = 0, 4*x + 3*w - 90 = 0. What is the remainder when x is divided by 13?
11
Suppose 0 = -g + 6*g - 35. Calculate the remainder when 13 is divided by g.
6
Let y(w) = w**3 + 5*w**2 - 1. What is the remainder when 29 is divided by y(-4)?
14
Suppose -4*a + 10 = -50. Let n = a - -1. What is the remainder when 63 is divided by n?
15
Suppose -2*d - 14 = 2*u - 4, -2*d = -4*u - 8. Let r(c) = 10*c + 1. Let w be r(2). Let p = d + w. Calculate the remainder when p is divided by 10.
9
Suppose 2*l - 25 = l. Suppose -5*q + l = 4*i, 3*i - 21 = 4*q - 2*i. What is the remainder when q is divided by 1 + 0/(-1 + 0)?
0
Let k(l) be the second derivative of -l**4/12 + 7*l**3/6 + 3*l**2 + 2*l. What is the remainder when 35 is divided by k(6)?
11
Suppose -n + 34 + 10 = 0. Calculate the remainder when n is divided by 15.
14
Let w be 22*6/4 + 1. Let d be (12/4)/(21/14). Suppose d*o + w = 3*o. What is the remainder when o is divided by 18?
16
Let l(j) = -j**3 + 15*j**2 - 14*j + 2. Suppose -7*r = 5*w - 2*r - 90, 4*r - 58 = -3*w. Calculate the remainder when 2 is divided by l(w).
0
Let m be 3/(3/8) + 0. Suppose o = -5*w + 8 + 4, -m = 2*w. Calculate the remainder when o is divided by 17.
15
Suppose -12 = -4*g - 4*k, -6 = -4*g + k + k. Let q be (g/3)/(5/15). Suppose j - 1 + 4 = 3*l, q*j + 4 = 5*l. What is the remainder when 2 is divided by l?
0
Suppose -414 = -3*p + 5*f, -3*f = p - 0*p - 124. What is the remainder when p is divided by 17?
14
Let p(y) = 5*y + 9. Calculate the remainder when 268 is divided by p(9).
52
Let g(w) = 2*w - 1. Let t be g(4). Let k(l) = 2*l - 6. Suppose -d = -2*s + 5, -4*s + 3*d = -14 + 5. What is the remainder when k(t) is divided by s?
2
Suppose -9 = -w + 4. Let f be 58/8 + 4/(-16). Suppose 2*d = f*d - 185. Calculate the remainder when d is divided by w.
11
Let s be 6/((42/(-4))/(-7)). Calculate the remainder when 31 is divided by (-48)/s*(-8)/12.
7
Suppose u - 7 = -a - 0*a, 3*a + u - 13 = 0. What is the remainder when 10/(-15)*(-9)/2 is divided by a?
0
Let v be 4/4 - (0 + -13). What is the remainder when (v - -1)*(-8)/(-6) is divided by 7?
6
Suppose -a = -3*u - 35, 5*a + 0*u - 95 = -u. Suppose 0 = -4*g - a, g + g = 2*c - 12. Let s = c - -4. Calculate the remainder when 18 is divided by s.
3
Suppose 0*v = 3*n - 4*v - 35, n + 5*v = -20. Let i = 9 - n. What is the remainder when 225/21 + (-2)/(-7) is divided by i?
3
Suppose 23 + 13 = 2*y. Calculate the remainder when y is divided by 10.
8
Let k = 9 - 6. Suppose -k*a = 2*a - 15. What is the remainder when 14 is divided by a*4/(-6) - -7?
4
Suppose -5*o + 0*o - 2*m = -435, -94 = -o + m. Calculate the remainder when o is divided by 30.
29
Let u(n) = 2*n + 32. Let o be u(0). Suppose 0*f = -2*f + o. Suppose -x - 5*c = -43, -4*c + 188 - 15 = 3*x. Calculate the remainder when x is divided by f.
15
Let y(o) = 6*o + 3. Let x be y(-4). Let w = 65 + x. What is the remainder when w is divided by 15?
14
Let b(q) = q**2 + 8*q - 22. Let l(y) = y**2 + 4*y. Let f be (1*-1)/(1/(-3)). What is the remainder when l(f) is divided by b(-11)?
10
Suppose 0*q = -q. Let v = 20 - q. Let g = 34 + 4. What is the remainder when g is divided by v?
18
Let z(l) = -2*l**3 - 3*l**2 - 4*l - 2. Let b = 6 - 4. Let m(t) = -t**3 + t**2 + 2. Let s be m(b). What is the remainder when z(s) is divided by 4?
2
Suppose -2*q + 0*q + 44 = 0. What is the remainder when q is divided by 5 + 14*5/10?
10
Let m(g) = 8*g**3 - g**2 - 4*g + 4. Calculate the remainder when m(2) is divided by 29.
27
Let d = 15 - 9. What is the remainder when 10 is divided by d?
4
Calculate the remainder when 2/7 - (-656)/7 is divided by 16.
14
Let h be 1*(2 + 0 + 1). Let i be h + -4 + 5/1. Let j = i + 3. Calculate the remainder when 26 is divided by j.
5
Let i = 106 - 60. Let j(a) = -a**3 + 7*a**2 - 6*a - 4. Suppose 4*y - n + 0 = 17, 0 = -5*y + 4*n + 13. Calculate the remainder when i is divided by j(y).
14
Let t(h) = h**3 - 3*h**2 - 4*h + 8. Calculate the remainder when t(5) is divided by 14.
10
Suppose -9*c + 5*c = -328. Calculate the remainder when c is divided by 21.
19
Let q(v) = -v**3 + 9*v**2 - 15*v - 4. What is the remainder when 102 is divided by q(5)?
18
Suppose -3*v - 85 + 322 = 0. What is the remainder when v is divided by 20?
19
Let g(t) = -t**2 + 9*t + 26. What is the remainder when g(10) is divided by 12?
4
Suppose 0 = g - 4*g + 12, g + 611 = 5*y. Suppose 5*r + 4*q = y, -5*r + 5*q = -77 - 28. Let d = 4 + 8. What is the remainder when r is divided by d?
11
Calculate the remainder when -1 + -3 - 256/(-2) is divided by 14.
12
Let w be 10/(-15) - 5/(-3). Let z = 1 + w. Suppose -5*a = -h - 0*h - 28, 22 = 3*a + z*h. What is the remainder when 15 is divided by a?
3
Suppose 0 = -3*d - 4*k + 92, -5*d + 217 - 62 = 5*k. What is the remainder when d is divided by 5?
2
Calculate the remainder when (-1)/(-4) - (-1162)/56 is divided by 6.
3
Let d = 0 + 10. Let f = 15 - d. What is the remainder when 13 is divided by f?
3
Calculate the remainder when 2/10 - (1 - (-717)/(-15)) is divided by 10.
7
Let h = 8 - 5. What is the remainder when h is divided by (-2)/(0 - 4)*6?
0
Suppose 98 = 4*s + 18. Let m = -6 + s. Let c = 31 + -5. Calculate the remainder when c is divided by m.
12
Suppose 48 = 4*w - 8. Calculate the remainder when w is divided by (-22)/(-6) - 9/(-27).
2
What is the remainder when 14 is divided by (8/(-3))/(8/(-12))?
2
Let t = 20 + 22. Let c(g) = 6*g + 9. Let k be c(-5). Let w = t + k. Calculate the remainder when w is divided by 11.
10
Let z be (-13)/(((-1)/(-2))/(-1)). Let w = -411 + z. Calculate the remainder when w/(-9) + (-2)/(-9) is divided by 15.
13
Let z(p) = p**3 - 7*p**2 - 5*p - 10. Let x be z(8). What is the remainder when (x/6)/(2/30) is divided by 12?
11
Suppose 3*p + 27 = 2*h, 3*p = -p + 4. Suppose -b = b - 16. Let l(i) = 2*i**2 - 12*i + 12. Calculate the r